u + 30. Determine k(-12).
6
Let w(p) = 2*p**2 + 22*p + 17. What is w(-11)?
17
Let m(l) = -l**3 + 9*l**2 + l - 14. Calculate m(9).
-5
Let b(r) = -7*r - 34. What is b(16)?
-146
Let x(w) = -w**3 - 24*w**2 - 8. What is x(-24)?
-8
Let u(y) = -6*y - 97. Give u(-9).
-43
Let m(h) = 9*h**3 - 2*h**2 - h. Determine m(-1).
-10
Let l(p) = -p. Determine l(2).
-2
Let s(y) = y**3 - 5*y**2 - 9*y + 9. Give s(6).
-9
Let h(l) = l**3 + 55*l**2 + 108*l + 127. What is h(-53)?
21
Let l(d) = d**3 + 4*d**2 - 4. Calculate l(-4).
-4
Let h(g) = -g**3 + 28*g**2 - g + 29. What is h(28)?
1
Let p(c) = -c**3 - 3*c**2 + 1. What is p(2)?
-19
Let x(h) = -h**3 - 9*h**2 - 8*h + 7. What is x(-8)?
7
Let l(m) = -m**2 + 11*m - 12. What is l(10)?
-2
Let c(t) = t**2 - 1. Determine c(-8).
63
Let y(t) = 9*t - 13. Calculate y(6).
41
Let f(c) = -2*c**3 + c**2 + c. Determine f(-1).
2
Let l(y) = 82*y**2 + y + 1. What is l(1)?
84
Let m(o) = o + 14. What is m(-9)?
5
Let y(h) = -h**2 - 8*h - 19. Determine y(-5).
-4
Let n(u) = u**2 + 6*u - 14. Calculate n(0).
-14
Let x(i) = i + 66. What is x(0)?
66
Let t(x) = 47*x + 6. Calculate t(0).
6
Let r(c) = 2*c - 108. Determine r(31).
-46
Let a(l) = -l**2 + 9*l - 13. Determine a(6).
5
Let k(p) = p**3 + 8*p**2 + 9*p + 9. Calculate k(-7).
-5
Let a(c) = -c + 12. Determine a(6).
6
Let x(r) = -5*r**2 - 14*r + 14. What is x(1)?
-5
Let n(k) = -61*k - 1095. What is n(-18)?
3
Let n(x) = x**2 + 15*x + 24. Calculate n(-15).
24
Let q(y) = y - 23. Determine q(10).
-13
Let l(b) = b - 6. What is l(8)?
2
Let x(n) = -78*n**3 - 2*n + 3. What is x(1)?
-77
Let s(f) = f**3 - 3*f**2 - 21*f - 8. Give s(6).
-26
Let n(j) = j**3 - 23*j**2 - 26*j + 40. Calculate n(24).
-8
Let l(r) = r**2 + 20*r + 103. Give l(-12).
7
Let p(h) = 3*h**3 - 4*h - 5. Calculate p(-2).
-21
Let o(y) = -y + 11. Calculate o(-7).
18
Let w(d) = 2*d**3 - 10*d**2 + 4*d + 11. What is w(4)?
-5
Let m(b) = -b**3 - 17*b**2 + 38*b - 1. Calculate m(-19).
-1
Let x(a) = -16*a + 9. Calculate x(0).
9
Let u(i) = i**3 - 16*i**2 - 15*i + 11. What is u(17)?
45
Let f(w) = w**3 + 4*w**2 + w - 9. Determine f(-4).
-13
Let s(u) = -u**2 + 14*u - 53. Determine s(5).
-8
Let m(b) = -10*b - 1. Calculate m(-7).
69
Let s(q) = q**2 + 3*q - 12. Determine s(-7).
16
Let l(y) = -y**2 + 20*y + 64. Give l(-4).
-32
Let u(b) = 2*b**2. What is u(6)?
72
Let v(f) = -f**3 + 2*f**2 - 2*f + 1. Calculate v(1).
0
Let u(m) = -m**3 - 15*m**2 - 27*m + 25. Give u(-13).
38
Let t(g) = -7*g**3 + g**2 + 2*g + 1. Calculate t(-1).
7
Let c(a) = -a**3 + 6*a**2 - 5*a + 3. Calculate c(5).
3
Let d(p) = -p + 19. Calculate d(17).
2
Let d(i) = -11*i + 28. Give d(18).
-170
Let o(q) = -2*q - 9. Determine o(-9).
9
Let d(b) = 17*b - 33. What is d(7)?
86
Let w(g) = -9*g - 5. What is w(-6)?
49
Let k(l) = -l**3 - 4*l**2 - l - 1. Give k(-4).
3
Let q(t) = t**2 - 12*t + 12. Calculate q(10).
-8
Let m(f) = 3*f**2 - 2. What is m(2)?
10
Let k(i) = -i**3 - 5*i**2 - 8*i - 8. Give k(-4).
8
Let j(i) = i**3 + 24*i**2 + 95*i - 1. Calculate j(-19).
-1
Let o(b) = 4*b**2 - 23*b + 9. Give o(4).
-19
Let q(t) = t**2 + 11*t + 39. Give q(-7).
11
Let v(d) = -d**2 + 24*d - 16. Give v(24).
-16
Let f(i) = i**2 - 16*i + 18. Calculate f(8).
-46
Let q(d) = 11*d - 9. What is q(4)?
35
Let z(o) = -o - 7. Calculate z(6).
-13
Let f(m) = m**3 - 11*m**2 - 11*m - 23. Determine f(12).
-11
Let u(o) = -o + 39. Calculate u(15).
24
Let b(f) = -f**3 - 7*f**2 - 9*f - 22. Determine b(-6).
-4
Let y(h) = -34*h. What is y(-1)?
34
Let a(s) = -s**2 + 3*s + 8. Give a(-6).
-46
Let f(z) = -2*z**2 + 2*z + 3. Give f(3).
-9
Let m(a) = -a**3 - 2*a**2 - a - 4. Calculate m(-3).
8
Let v(a) = -41*a + 2. Determine v(-2).
84
Let s(p) = -p - 93. Determine s(-19).
-74
Let d(f) = f**2 - 18*f - 34. Calculate d(20).
6
Let v(t) = -6*t**3 - t**2 + 3*t + 2. What is v(-1)?
4
Let x(t) = -2*t + 7. Give x(17).
-27
Let j(g) = -g**3 - 4*g**2 - 5*g - 16. Give j(-4).
4
Let t(b) = -b**3 + 7*b**2 + 23*b - 133. What is t(8)?
-13
Let w(f) = -f**3 + 4*f**2 + 5*f + 1. Give w(5).
1
Let y(t) = 143*t - 279. Calculate y(2).
7
Let z(q) = -4*q + 12. What is z(5)?
-8
Let f(k) = -k**3 - k**2 + 2*k + 4. Give f(-2).
4
Let a(o) = o**3 + 6*o**2 + 5*o - 11. What is a(-5)?
-11
Let v(u) = -6*u + 271. Give v(46).
-5
Let j(p) = -p**2 + 4*p - 3. Determine j(3).
0
Let s(q) = -q**3 + 17*q**2 - 17*q + 14. Determine s(16).
-2
Let j(p) = p**2 + 23*p - 294. Calculate j(9).
-6
Let u(d) = d**2 - 19*d - 34. Determine u(21).
8
Let a(o) = -o**2 + 6*o - 3. Determine a(5).
2
Let j(y) = -y - 22. Give j(-17).
-5
Let a(j) = -j**3 + 5*j**2 + 7*j - 18. Calculate a(5).
17
Let n(g) = -2*g**2 - 64*g - 518. Give n(-15).
-8
Let t(k) = k**3 - 6*k**2 + 12*k - 42. Determine t(5).
-7
Let n(b) = -b**3 + 2*b**2 - 5*b - 18. What is n(-5)?
182
Let y(a) = 3*a - 7. Calculate y(-6).
-25
Let f(j) = 3*j**2 + 29*j - 28. Determine f(1).
4
Let a(y) = -y**3 - 20*y**2 - 34*y + 51. Calculate a(-18).
15
Let t(d) = 6*d - 435. Give t(72).
-3
Let t(u) = u**3 - 7*u**2 - 14*u + 7. Give t(8).
-41
Let j(x) = x**2 + 8*x - 46. Calculate j(-11).
-13
Let f(r) = -11*r + 110. Give f(10).
0
Let p(z) = z**2 - 4*z - 8. What is p(6)?
4
Let v(s) = s**3 + 2*s**2 - 2. Give v(-1).
-1
Let a(k) = -k**2 - 7*k - 1. Determine a(-5).
9
Let z(i) = 6*i + 14. Determine z(-6).
-22
Let u(t) = -t**3 + 9*t**2 - 4. What is u(9)?
-4
Let x(t) = -2*t**2 - 23*t. Calculate x(-12).
-12
Let c(f) = -129*f + 3. What is c(1)?
-126
Let w(q) = -q**3 + 14*q**2 - 33*q - 2. Determine w(11).
-2
Let q(v) = v**3 + 8*v**2 + 3*v + 17. Determine q(-8).
-7
Let n(b) = b**3 + 7*b**2 - 11*b + 3. Determine n(-8).
27
Let y(r) = 9*r**3 - r**2 + r - 1. Calculate y(1).
8
Let b(d) = 14*d + 2. What is b(1)?
16
Let j(k) = -k**3 - 41*k**2 - 34*k + 241. Give j(-40).
1
Let j(f) = -f**3 + 16*f**2 + 17*f - 1. Give j(17).
-1
Let a(v) = -20*v. Give a(-2).
40
Let z(j) = -47*j + 43. Give z(1).
-4
Let v(g) = 3*g**3 + 3*g**2 + g - 3. Calculate v(-2).
-17
Let x(h) = h**2 + 8*h + 10. Calculate x(-8).
10
Let w(u) = 2*u - 9. Determine w(11).
13
Let c(f) = f**2 + 5*f - 1. Determine c(-7).
13
Let n(k) = k**3 - 11*k**2 - 15*k + 35. Calculate n(12).
-1
Let h(i) = i**3 + 9*i**2 + 7*i - 7. Calculate h(-8).
1
Let k(f) = -3*f - 3. Determine k(0).
-3
Let o(b) = -305*b - 1224. Calculate o(-4).
-4
Let y(o) = -o - 1. Calculate y(-4).
3
Let b(x) = 22*x**2 + 1. Give b(-1).
23
Let c(a) = a. What is c(11)?
11
Let s(r) = r**2 - 2*r + 1. What is s(4)?
9
Let s(x) = -x**2 + 32*x - 20. Give s(0).
-20
Let b(a) = 9*a + 6. Determine b(-3).
-21
Let k(d) = d**2 + 20*d + 14. Calculate k(-19).
-5
Let y(f) = f**3 + 4*f**2 - 5*f + 2. Determine y(-5).
2
Let n(a) = a**2 - 3*a - 7. Determine n(4).
-3
Let m(s) = 4*s**2 - 19*s - 8. Determine m(4).
-20
Let t(s) = s**3 + 2*s**2 - 6*s - 3. Give t(-5).
-48
Let h(g) = g**3 - 7*g - 1. Determine h(0).
-1
Let k(x) = -x - 25. Determine k(-9).
-16
Let l(c) = -2*c - 16. Give l(-11).
6
Let r(f) = -f - 17. What is r(-11)?
-6
Let k(m) = 10*m - 28. Determine k(3).
2
Let o(a) = -a**3 - 32*a**2 - 27*a + 100. Determine o(-31).
-24
Let l(o) = -o**3 + 22*o**2 + 45*o - 32. Calculate l(24).
-104
Let x(i) = i**3 - 14*i**2 - i + 41. Give x(14).
27
Let c(n) = n**3 - 2*n**2 + 2*n + 2. Calculate c(-2).
-18
Let r(d) = d**2 + 15*d + 20. Give r(-14).
6
Let y(i) = 2*i**2 - 3*i + 1. Determine y(2).
3
Let n(s) = -s**3 - 32*s**2 - 84*s + 83. Give n(-29).
-4
Let c(i) = 2*i**2 + 16*i - 8. Determine c(-8).
-8
Let g(i) = -i**2 + 11*i + 3. Calculate g(15).
-57
Let c(z) = 2*z**2 + 34*z - 71. Calculate c(-19).
5
Let o(i) = -i**3 + 24*i**2 - 43*i - 22. What is o(22)?
0
Let z(l) = -2*l**3 + 50*l**2 - 50*l + 54. What is z(24)?
6
Let l(g) = 9*g + 9. What is l(-3)?
-18
Let s(w) = -3*w**2 + 5*w + 1. Determine s(4).
-27
Let m(s) = 17*s. Give m(-1).
-17
Let p(j) = 3*j**2 + 17*j - 14. What is p(-6)?
-8
Let i(l) = l**3 - 2*l**2 - l - 1. Calculate i(2).
-3
Let a(k) = -11*k. Give a(1).
-11
Let r(k) = 4*k + 57. What is r(-8)?
25
Let x(z) = -z**2 - 37*z - 341. Give x(-18).
1
Let f(t) = 3*t**2 + t + 11. What is f(4)?
63
Let z(y) = 2*y**3 - 3*y**2 + y + 3. What is z(-2)?
-27
Let m(x) = 3*x**2 - 73*x - 4. Give m(24).
-28
Let g(l) = -l**2 - 9*l - 1. Determine g(-9).
-1
Let k(z) = -z**3 - z**2 + 6*z + 5. Determine k(-3).
5
Let f(m) = -m**2 + 6*m. Determine f(6).
0
Let a(n) = -n**2 - 8*n + 9. Determine a(-8).
9
Let c(j) = 4*j + 7. What is c(-6)?